ate -36 + 31 + 21 - (2 + -1).
15
What is -1 + 9 + (-2 - 14) - -41?
33
Evaluate 5 - 2 - 0 - (-9 - (-10 + -3)).
-1
-19 + 5 + 2 - (0 - 5)
-7
What is the value of 6 - -1 - (29 - (10 + 12))?
0
Calculate 201 + -189 - (7 + 1).
4
What is the value of -4 + (7 - 5) - 6 - (-3 - -3)?
-8
Calculate (16 - (3 - 1)) + (60 - 61).
13
Evaluate 6 + -1 + (1 + 1 - (-7 + 17)).
-3
Calculate 8 + (4 - 7) - (-16 + 16).
5
(1 - (-1 + 2)) + -9 + -34 + 38
-5
Calculate -5 + -4 + (-6 - (18 + -24)) + -17.
-26
8 - (107 + -101 - (7 - 1))
8
What is the value of 11 - (7 - 18 - (-7 + (-2 - -5)))?
18
What is the value of -5 + 5 + (53 - 63)?
-10
What is the value of -1 + 0 + 6 - (199 + -192)?
-2
Calculate (-127 + 111 - (0 - 9)) + (15 - -2).
10
Calculate (-1 - -2) + (201 - 195).
7
9 - ((4 - 13) + 17 + 2 + -2)
1
Evaluate -1 - 19 - (-120 + 103) - -16.
13
-37 + 36 + (4 - (5 + 7)) + 4
-5
Evaluate -15 + (2 + -20 - -5) + 9.
-19
What is 2 + (35 - 2) - (476 - 465)?
24
What is -22 - ((2 - (9 + -16)) + -28 + 13)?
-16
Calculate -13 + 22 + 3 + -18 + 12.
6
What is the value of (-5 - (14 + -1 - 22)) + -4?
0
Evaluate 5 - (-1 + -4 + 3 - (2 + 0)).
9
Calculate 0 - (5 + (-24 - -8)).
11
What is -4 + (4 - -2) + -1 - -5?
6
What is 16 + (21 - 31) + (3 - 0) + 0?
9
What is the value of 15 + (10 + -1 - (-95 - -116))?
3
What is the value of -10 - (-1 - 2) - (52 + -72)?
13
What is the value of -1 - 5 - (-19 + 16) - (-5 + 12)?
-10
Evaluate 8 - (-7 - (1 - (4 + 23))).
-11
What is the value of -2 - (2 + 6 + -5 + -1 + 5)?
-9
What is (12 - (10 + -3)) + (-24 - -12)?
-7
Evaluate -2 + 3 + -27 + -4 + 32 + -31.
-29
Evaluate (35 - 20) + (-2 - (-1 - -3)).
11
Calculate (14 - (20 + -7 + -4)) + -15.
-10
What is 3 - 0 - 6 - (-92 + 84)?
5
What is (-23 - (-42 + 11)) + -9?
-1
What is -11 + -12 + 33 + -9 + (3 - 0)?
4
Evaluate -18 + (-8 - -23) + 0 + 3.
0
What is -5 - (5 - 18) - (-14 - -22)?
0
What is (28 - 29 - (2 - 1)) + -10?
-12
Evaluate 26 + -84 + 28 + 2 + 1 + 2.
-25
What is the value of -200 - -193 - (0 + -16)?
9
-35 + 66 + -14 + -26
-9
Evaluate -22 - ((-10 - 8) + 33).
-37
Calculate -18 + -1 + 14 + -3.
-8
What is the value of (-11 - 1) + 19 + 7 + -22?
-8
0 + 2 + -4 + 11 + (541 - 548)
2
Evaluate 2 + -7 - (-14 + 2) - (-43 - -19).
31
What is the value of (6 - -6) + 9 + 6 - (5 + -17)?
39
Evaluate -46 + -10 + 47 + (2 - 1).
-8
Evaluate 12 - (-11 - ((-6 + 9 - 1) + -7)).
18
1 + (-2 - 5) + (28 - -14) + -24
12
Calculate -2 - (5 + (-2 - 7) + -7).
9
What is the value of -147 + 163 - (0 - -7)?
9
Calculate 2442 - 2446 - (-1 - -18).
-21
2 - 25 - (-39 - (54 - 95))
-25
What is the value of 0 - ((14 - 12) + -6)?
4
What is the value of -21 - -10 - (17 - 42)?
14
Calculate -26 - (-17 + 7 + 10 + -5).
-21
What is the value of (-11 - (12 + -20)) + 19?
16
Evaluate 29 - (80 + (-37 - -2)).
-16
Evaluate 10 + 22 + (17 - 32).
17
What is 8 + (19 - (18 - 3 - -1))?
11
Calculate (1 - -4) + (1 - 4) + -4 + 7.
5
(3 - (7 + (8 + 3 - 13))) + 5
3
What is the value of -9 + 5 + -13 + (7 - -3)?
-7
Evaluate -6 + (28 - 19) + (-10 - -3).
-4
Calculate (15 - (2 - -2)) + 3 + -34.
-20
Calculate (-1 + 47 - 18) + -23.
5
Evaluate 6 + -89 + 96 + (-1 - 20).
-8
What is -2 - 8 - ((-3 - -8) + 0)?
-15
Evaluate -21 + (-30 - (-43 + 21)) - (-6 + -1).
-22
Calculate -10 + 16 - 6 - (3 + 0).
-3
Calculate 21 + 3 + (-80 - -49) - (-1 + -29).
23
What is the value of -7 - (-11 + (14 - 6))?
-4
(-8 - (-1 - 0)) + 52 + -1 + -51
-7
Evaluate (-9 + 21 - 9) + -6 + -1.
-4
What is (-137 - -121) + (1 - -10)?
-5
Evaluate -5 - (2 - -3 - (-6 + -4 + 10)).
-10
Evaluate 6 - 0 - ((-13 - 0) + 28).
-9
What is -6 - ((-55 - -59) + -3 + 0 - -4)?
-11
What is the value of -19 + 15 - (-3 + (0 - -5)) - -33?
27
What is the value of 10 + 5 + -8 + -5 + -14?
-12
Calculate (10 + (-3 - 7) - (-15 + 3)) + -2.
10
Calculate -4 - -2 - (4 - -1) - (-55 + 56).
-8
Calculate -1 - ((-10 - (7 + -21)) + -5).
0
Calculate 4 + 4 - (3 + 2 - 5).
8
Calculate 30 + -76 + 17 + 14.
-15
Calculate 2 - -7 - ((13 - 17) + 7 + 2).
4
Calculate 4 + 15 + (-84 - -77).
12
What is 5 - 2 - (-10 - -10)?
3
What is the value of (30 - -1) + -15 + -5?
11
(11 - -9 - (21 - -7)) + 2 + -31
-37
What is the value of (-2 - 15) + -10 + -8 + -5 + 24?
-16
What is 22 - (8 + (7 - -4))?
3
Calculate (-2 - 9 - -11) + (-15 + 1 - -5).
-9
What is (13 - 22 - -16) + 14?
21
What is 16 + (-48 + 21 - (-23 + 3))?
9
What is the value of 10 + -13 + -2 + -5 - 14?
-24
Calculate (-3 + 0 + -12 - -3 - -7) + 2.
-3
27 - (-1 - -2 - (7 - (37 - 29)))
25
Calculate -28 - -17 - -4 - -12.
5
What is the value of 4 - (0 + 8 - ((-13 - 2) + 20))?
1
What is 0 - (-6 + -1) - (17 + (-21 - -25))?
-14
What is 3 + -1 + (65 - 55) + (0 - 2)?
10
Evaluate (1 - (17 - 21)) + 3 + -1 + -17.
-10
What is the value of 14 - (9 - 13 - -6)?
12
What is the value of -1 + -8 + 0 + -335 + 316?
-28
What is -1 + -25 + (-352 - -367) - 22?
-33
What is the value of 24 - 26 - (-2 + 4) - (31 + -24)?
-11
Evaluate 0 + 19 - (-33 - -59 - 22).
15
What is -23 - ((-6 - -25) + -34)?
-8
What is the value of -9 - ((-2 - (2 + 5 + -2)) + 2)?
-4
What is (-33 - -34) + -2 + -9?
-10
What is 13 + -32 - -26 - (24 + -6)?
-11
What is (2 + -2 - 7) + (18 - 15) + 3?
-1
What is the value of -7 + (0 - -4 - -3) - 12?
-12
Evaluate -80 - -60 - (2 + 10) - -11.
-21
Calculate -33 + 13 + (14 - 9).
-15
What is the value of (-8 + 2 - -2) + (-636 - -643)?
3
(-33 - -13 - 1) + 23
2
What is the value of 2 - (6 - (-19 - -13))?
-10
-2 - (13 + (-4 + -12 + 16 - 0))
-15
Evaluate 50 - (-19 - -42) - 3.
24
39 + (16 + -7 - (8 - -6))
34
(3 - 1) + -4 + -10
-12
What is 12 + 2 + (-26 - -14)?
2
16 + -34 + (9 - -8)
-1
0 - -1 - 3 - (1 + -3 + -3)
3
What is (14 - ((4 - 2) + 3)) + -49 + 48?
8
What is the value of -7 - 12 - -7 - -8 - (1 + -1)?
-4
What is the value of -70 + 70 + -4 + -1 + 2?
-3
Evaluate -5 + 42 - (-37 + 64).
10
2 + -31 - (26 + -28 - (0 + -1))
-28
15 - (11 - (-2 + 6 + 6 + -4))
10
What is the value of (-3 - 1) + (23 - 37) + 31?
13
Evaluate 3 + (0 - 6) + 6 - -8.
11
What is (-10 - (-7 + 3 + (-7 - -5))) + 30?
26
What is the value of 3 - (29 + 1 - (9 + 3))?
-15
Calculate 36 - ((-33 - -106) + -32).
-5
(1 - -2) + -1 - (21 - 3 - 3)
-13
-2992 - -3017 - (-1 - 2)
28
What is -1 + -8 - (-110 + 84) - -9?
26
Evaluate (-16 - 0) + (-174 - -171).
-19
What is the value of -7 - (-3 - (-10 + (10 - 1)))?
-5
What is 0 + (2 - 10) + 0 + (19 - 13)?
-2
What is -26 + -4 + 12 + -8 - (-4 - 4)?
-18
What is -11 + 0 + (-3 + 12 - 4) + 24?
18
8 + -3 + 0 + -2 + (71 - 65)
9
Evaluate -6 + 4 + 7 + 3 + -7 + 0.
1
Evaluate -7 - (-6 - 0 - (-17 - -11)).
-7
What is the value of (4 - (4 + 0)) + -1 + -9 + 5?
-5
What is the value of 29 + (4 - 12) - 5?
16
Evaluate 5 + -12 + (10 - 17) + 15 - -9.
10
-190 + 170 - (1 + -13 + 2)
-10
Calculate 6 - (13 - 14) - (9 - 1).
-1
(3 - (-3 + 5)) + -8 + -13 + 7
-13
What is the value of (14 - 11) + -11 + -6 + 11?
-3
Calculate -12 + 41 - (-7 + 3 - -12).
21
Calculate (8 - 1) + (8 - 6 - -4 - 1).
12
Calculate -3 + 6 - (12 + -29 + (10 - -2)).
8
What is the value of (10 - 19 - 1) + (4 - (1 - 0))?
-7
24 + -41 - -26 - (-3 - (1 + 0))
13
Evaluate 13 - (12 - (-25 - -9)).
-15
20 - 8 - (26 - 9)
-5
What is the value of 2 + 4 - (35 + -40) - 8?
3
What is 1 - (-2 + (-6 + 9 + 3 - 2))?
-1
3 - -18 - (-9 - (-13 + -4))
13
(41 - 47) + (51 - 10) + (2 - 2)
35
Evaluate (-16 - 0) + -49 + 10 + 38.
-17
Evaluate -11 + 19 + 5 - -4.
17
What is (-5 - (7 - 6)) + 175 + -152?
17
9 + (-14 + 6 - -15)
16
Calculate -134 - -130 - (6 - (4 + -5)).
-11
-2 - ((9 + -11 - 6) + 0 + 0)
6
Evaluate 1 + -25 - (-11 - 42 - -43).
-14
What is -51 - -46 - (-4 - 4)?
3
(-10 + -21 - -71) + -28
12
Evaluate -2 - 2 - (50 - 48).
-6
Evaluate 53 + -55 + -7 + (-7 - -7).
-9
Evaluate (-10 - 4 - -30) + -5.
11
Calculate 5 + (7 - 11) + 14.
15
What is (1 - 19) + (12 - -18)?
12
13 + (1 - (-12 + 7) - (14 - 3))
8
What is the value of 2 + -2 - (1 - 25) - (-1789 + 1789)?
24
-18 + -6 + 28 + -1 + 1
4
Evaluate (-15 - -16) + 8 - (-1 - (7 - -2)).
19
Calculate 26 + -15 + 11 + (-13 - -3).
12
What is (4 - (2 + -5) - (-1 - 3)) + -8?
3
What is the value of (2 - 1) + (22 + -38 - -12)?
-3
What is 24 - (23 - 14 - 1)?
16
Evaluate (4 - 19) + -4 + 2 + (-211 - -212).
-16
22 + (-3 - ((1 - -4) + 0))
14
Calculate -22 - (-22 - (-47 - -63)).
16
-84 + 91 + (2 - (-3 - -8) - -9)
13
Evaluate 1 + 29 + 3 + -5 - (-225 - -234).
19
Evaluate (-17 - -17) + (-3 - (7 - 20)).
10
Evaluate 3 - ((10 + -1 - (-14 + 17